{"id":3088,"date":"2021-07-21T18:38:46","date_gmt":"2021-07-21T18:38:46","guid":{"rendered":"https:\/\/maoyipacific.com\/?post_type=product&#038;p=3088"},"modified":"2021-07-21T18:41:42","modified_gmt":"2021-07-21T18:41:42","slug":"extensiones-para-intemperie","status":"publish","type":"product","link":"https:\/\/maoyipacific.com\/index.php\/product\/extensiones-para-intemperie\/","title":{"rendered":"Extensiones para intemperie"},"content":{"rendered":"<p>Usos:<br \/>\nTemperatura de operaci\u00f3n: En lugares secos y mojados 105\u00baC.<br \/>\nIdeal para iluminaci\u00f3n en ambientes cerrados e intemperie.<\/p>\n","protected":false},"excerpt":{"rendered":"<p>Caracter\u00edsticas:<br \/>\nLas extensiones Maoyi Pacific son fabricadas en cableado flexible con dos conductores de cobre suave, calibre 12 AWG con aislamiento termopl\u00e1stico.<br \/>\nEl socket es fabricado en cableado flexible de cobre anodizado, vulcanizado en aislamiento termopl\u00e1stico, resistente a la abrasi\u00f3n, el calor y la humedad.<br \/>\nEl conjunto conductor y el socket es ensamblado mediante el proceso de vulcanizaci\u00f3n o electrosellado.<br \/>\nTensi\u00f3n m\u00e1xima de operaci\u00f3n: 600 voltios.<br \/>\nDe acuerdo a tus necesidades manejamos extensi\u00f3n de socket flotante, socket fijo y extensi\u00f3n de panel solar.<br \/>\nProtecci\u00f3n: IP 65.<br \/>\nExtensiones port\u00e1tiles con terminales de uni\u00f3n para a\u00f1adir una nueva conexi\u00f3n.<br \/>\nCertificaci\u00f3n RETIE<br \/>\nLas extensiones para bombillos vulcanizadas cumplen con las normas ASTM aplicables con la NTC 5521 cordones flexibles tipo encauchetados y extensiones, con Art\u00edculo 400 de la NTC 2050 y con la prueba de llama vertical VW-1.<br \/>\nMedidas:<br \/>\nSocket flotante<br \/>\n\u2022\t10 S x 6 mts<br \/>\n\u2022\t20 S x 10 mts.<br \/>\nSocket fijo<br \/>\n\u2022\t10 S x 50 mts<br \/>\n\u2022\t 10 S x 30 mts.<br \/>\nExtensi\u00f3n panel solar<br \/>\n\u2022\t10 S x 10 mts.<\/p>\n","protected":false},"featured_media":2966,"comment_status":"open","ping_status":"closed","template":"","meta":{"om_disable_all_campaigns":false,"_monsterinsights_skip_tracking":false,"_monsterinsights_sitenote_active":false,"_monsterinsights_sitenote_note":"","_monsterinsights_sitenote_category":0},"product_cat":[37],"product_tag":[],"yoast_head":"<!-- This site is optimized with the Yoast SEO plugin v16.7 - https:\/\/yoast.com\/wordpress\/plugins\/seo\/ -->\n<title>Extensiones para intemperie - Maoyi Pacific<\/title>\n<meta name=\"robots\" content=\"index, follow, max-snippet:-1, max-image-preview:large, max-video-preview:-1\" \/>\n<link rel=\"canonical\" href=\"https:\/\/maoyipacific.com\/index.php\/product\/extensiones-para-intemperie\/\" \/>\n<meta property=\"og:locale\" content=\"es_ES\" \/>\n<meta property=\"og:type\" content=\"article\" \/>\n<meta property=\"og:title\" content=\"Extensiones para intemperie - Maoyi Pacific\" \/>\n<meta property=\"og:description\" content=\"Caracter\u00edsticas: Las extensiones Maoyi Pacific son fabricadas en cableado flexible con dos conductores de cobre suave, calibre 12 AWG con aislamiento termopl\u00e1stico. El socket es fabricado en cableado flexible de cobre anodizado, vulcanizado en aislamiento termopl\u00e1stico, resistente a la abrasi\u00f3n, el calor y la humedad. El conjunto conductor y el socket es ensamblado mediante el proceso de vulcanizaci\u00f3n o electrosellado. Tensi\u00f3n m\u00e1xima de operaci\u00f3n: 600 voltios. De acuerdo a tus necesidades manejamos extensi\u00f3n de socket flotante, socket fijo y extensi\u00f3n de panel solar. Protecci\u00f3n: IP 65. Extensiones port\u00e1tiles con terminales de uni\u00f3n para a\u00f1adir una nueva conexi\u00f3n. Certificaci\u00f3n RETIE Las extensiones para bombillos vulcanizadas cumplen con las normas ASTM aplicables con la NTC 5521 cordones flexibles tipo encauchetados y extensiones, con Art\u00edculo 400 de la NTC 2050 y con la prueba de llama vertical VW-1. Medidas: Socket flotante \u2022 10 S x 6 mts  \u2022 20 S x 10 mts. Socket fijo \u2022 10 S x 50 mts  \u2022 10 S x 30 mts. Extensi\u00f3n panel solar  \u2022 10 S x 10 mts.\" \/>\n<meta property=\"og:url\" content=\"https:\/\/maoyipacific.com\/index.php\/product\/extensiones-para-intemperie\/\" \/>\n<meta property=\"og:site_name\" content=\"Maoyi Pacific\" \/>\n<meta property=\"article:modified_time\" content=\"2021-07-21T18:41:42+00:00\" \/>\n<meta property=\"og:image\" content=\"https:\/\/maoyipacific.com\/wp-content\/uploads\/2021\/07\/bombillas.png\" \/>\n\t<meta property=\"og:image:width\" content=\"1108\" \/>\n\t<meta property=\"og:image:height\" content=\"1108\" \/>\n<meta name=\"twitter:card\" content=\"summary_large_image\" \/>\n<script type=\"application\/ld+json\" class=\"yoast-schema-graph\">{\"@context\":\"https:\/\/schema.org\",\"@graph\":[{\"@type\":\"WebSite\",\"@id\":\"https:\/\/maoyipacific.com\/#website\",\"url\":\"https:\/\/maoyipacific.com\/\",\"name\":\"Maoyi Pacific\",\"description\":\"\",\"potentialAction\":[{\"@type\":\"SearchAction\",\"target\":{\"@type\":\"EntryPoint\",\"urlTemplate\":\"https:\/\/maoyipacific.com\/?s={search_term_string}\"},\"query-input\":\"required name=search_term_string\"}],\"inLanguage\":\"es\"},{\"@type\":\"ImageObject\",\"@id\":\"https:\/\/maoyipacific.com\/index.php\/product\/extensiones-para-intemperie\/#primaryimage\",\"inLanguage\":\"es\",\"url\":\"https:\/\/maoyipacific.com\/wp-content\/uploads\/2021\/07\/bombillas.png\",\"contentUrl\":\"https:\/\/maoyipacific.com\/wp-content\/uploads\/2021\/07\/bombillas.png\",\"width\":1108,\"height\":1108},{\"@type\":\"WebPage\",\"@id\":\"https:\/\/maoyipacific.com\/index.php\/product\/extensiones-para-intemperie\/#webpage\",\"url\":\"https:\/\/maoyipacific.com\/index.php\/product\/extensiones-para-intemperie\/\",\"name\":\"Extensiones para intemperie - Maoyi Pacific\",\"isPartOf\":{\"@id\":\"https:\/\/maoyipacific.com\/#website\"},\"primaryImageOfPage\":{\"@id\":\"https:\/\/maoyipacific.com\/index.php\/product\/extensiones-para-intemperie\/#primaryimage\"},\"datePublished\":\"2021-07-21T18:38:46+00:00\",\"dateModified\":\"2021-07-21T18:41:42+00:00\",\"breadcrumb\":{\"@id\":\"https:\/\/maoyipacific.com\/index.php\/product\/extensiones-para-intemperie\/#breadcrumb\"},\"inLanguage\":\"es\",\"potentialAction\":[{\"@type\":\"ReadAction\",\"target\":[\"https:\/\/maoyipacific.com\/index.php\/product\/extensiones-para-intemperie\/\"]}]},{\"@type\":\"BreadcrumbList\",\"@id\":\"https:\/\/maoyipacific.com\/index.php\/product\/extensiones-para-intemperie\/#breadcrumb\",\"itemListElement\":[{\"@type\":\"ListItem\",\"position\":1,\"name\":\"Portada\",\"item\":\"https:\/\/maoyipacific.com\/\"},{\"@type\":\"ListItem\",\"position\":2,\"name\":\"Store\",\"item\":\"https:\/\/maoyipacific.com\/index.php\/store\/\"},{\"@type\":\"ListItem\",\"position\":3,\"name\":\"Extensiones para intemperie\"}]}]}<\/script>\n<!-- \/ Yoast SEO plugin. -->","yoast_head_json":{"title":"Extensiones para intemperie - Maoyi Pacific","robots":{"index":"index","follow":"follow","max-snippet":"max-snippet:-1","max-image-preview":"max-image-preview:large","max-video-preview":"max-video-preview:-1"},"canonical":"https:\/\/maoyipacific.com\/index.php\/product\/extensiones-para-intemperie\/","og_locale":"es_ES","og_type":"article","og_title":"Extensiones para intemperie - Maoyi Pacific","og_description":"Caracter\u00edsticas: Las extensiones Maoyi Pacific son fabricadas en cableado flexible con dos conductores de cobre suave, calibre 12 AWG con aislamiento termopl\u00e1stico. El socket es fabricado en cableado flexible de cobre anodizado, vulcanizado en aislamiento termopl\u00e1stico, resistente a la abrasi\u00f3n, el calor y la humedad. El conjunto conductor y el socket es ensamblado mediante el proceso de vulcanizaci\u00f3n o electrosellado. Tensi\u00f3n m\u00e1xima de operaci\u00f3n: 600 voltios. De acuerdo a tus necesidades manejamos extensi\u00f3n de socket flotante, socket fijo y extensi\u00f3n de panel solar. Protecci\u00f3n: IP 65. Extensiones port\u00e1tiles con terminales de uni\u00f3n para a\u00f1adir una nueva conexi\u00f3n. Certificaci\u00f3n RETIE Las extensiones para bombillos vulcanizadas cumplen con las normas ASTM aplicables con la NTC 5521 cordones flexibles tipo encauchetados y extensiones, con Art\u00edculo 400 de la NTC 2050 y con la prueba de llama vertical VW-1. Medidas: Socket flotante \u2022 10 S x 6 mts  \u2022 20 S x 10 mts. Socket fijo \u2022 10 S x 50 mts  \u2022 10 S x 30 mts. Extensi\u00f3n panel solar  \u2022 10 S x 10 mts.","og_url":"https:\/\/maoyipacific.com\/index.php\/product\/extensiones-para-intemperie\/","og_site_name":"Maoyi Pacific","article_modified_time":"2021-07-21T18:41:42+00:00","og_image":[{"width":1108,"height":1108,"url":"https:\/\/maoyipacific.com\/wp-content\/uploads\/2021\/07\/bombillas.png","path":"\/home\/u896724729\/domains\/maoyipacific.com\/public_html\/wp-content\/uploads\/2021\/07\/bombillas.png","size":"full","id":2966,"alt":"","pixels":1227664,"type":"image\/png"}],"twitter_card":"summary_large_image","schema":{"@context":"https:\/\/schema.org","@graph":[{"@type":"WebSite","@id":"https:\/\/maoyipacific.com\/#website","url":"https:\/\/maoyipacific.com\/","name":"Maoyi Pacific","description":"","potentialAction":[{"@type":"SearchAction","target":{"@type":"EntryPoint","urlTemplate":"https:\/\/maoyipacific.com\/?s={search_term_string}"},"query-input":"required name=search_term_string"}],"inLanguage":"es"},{"@type":"ImageObject","@id":"https:\/\/maoyipacific.com\/index.php\/product\/extensiones-para-intemperie\/#primaryimage","inLanguage":"es","url":"https:\/\/maoyipacific.com\/wp-content\/uploads\/2021\/07\/bombillas.png","contentUrl":"https:\/\/maoyipacific.com\/wp-content\/uploads\/2021\/07\/bombillas.png","width":1108,"height":1108},{"@type":"WebPage","@id":"https:\/\/maoyipacific.com\/index.php\/product\/extensiones-para-intemperie\/#webpage","url":"https:\/\/maoyipacific.com\/index.php\/product\/extensiones-para-intemperie\/","name":"Extensiones para intemperie - Maoyi Pacific","isPartOf":{"@id":"https:\/\/maoyipacific.com\/#website"},"primaryImageOfPage":{"@id":"https:\/\/maoyipacific.com\/index.php\/product\/extensiones-para-intemperie\/#primaryimage"},"datePublished":"2021-07-21T18:38:46+00:00","dateModified":"2021-07-21T18:41:42+00:00","breadcrumb":{"@id":"https:\/\/maoyipacific.com\/index.php\/product\/extensiones-para-intemperie\/#breadcrumb"},"inLanguage":"es","potentialAction":[{"@type":"ReadAction","target":["https:\/\/maoyipacific.com\/index.php\/product\/extensiones-para-intemperie\/"]}]},{"@type":"BreadcrumbList","@id":"https:\/\/maoyipacific.com\/index.php\/product\/extensiones-para-intemperie\/#breadcrumb","itemListElement":[{"@type":"ListItem","position":1,"name":"Portada","item":"https:\/\/maoyipacific.com\/"},{"@type":"ListItem","position":2,"name":"Store","item":"https:\/\/maoyipacific.com\/index.php\/store\/"},{"@type":"ListItem","position":3,"name":"Extensiones para intemperie"}]}]}},"_links":{"self":[{"href":"https:\/\/maoyipacific.com\/index.php\/wp-json\/wp\/v2\/product\/3088"}],"collection":[{"href":"https:\/\/maoyipacific.com\/index.php\/wp-json\/wp\/v2\/product"}],"about":[{"href":"https:\/\/maoyipacific.com\/index.php\/wp-json\/wp\/v2\/types\/product"}],"replies":[{"embeddable":true,"href":"https:\/\/maoyipacific.com\/index.php\/wp-json\/wp\/v2\/comments?post=3088"}],"version-history":[{"count":1,"href":"https:\/\/maoyipacific.com\/index.php\/wp-json\/wp\/v2\/product\/3088\/revisions"}],"predecessor-version":[{"id":3089,"href":"https:\/\/maoyipacific.com\/index.php\/wp-json\/wp\/v2\/product\/3088\/revisions\/3089"}],"wp:featuredmedia":[{"embeddable":true,"href":"https:\/\/maoyipacific.com\/index.php\/wp-json\/wp\/v2\/media\/2966"}],"wp:attachment":[{"href":"https:\/\/maoyipacific.com\/index.php\/wp-json\/wp\/v2\/media?parent=3088"}],"wp:term":[{"taxonomy":"product_cat","embeddable":true,"href":"https:\/\/maoyipacific.com\/index.php\/wp-json\/wp\/v2\/product_cat?post=3088"},{"taxonomy":"product_tag","embeddable":true,"href":"https:\/\/maoyipacific.com\/index.php\/wp-json\/wp\/v2\/product_tag?post=3088"}],"curies":[{"name":"wp","href":"https:\/\/api.w.org\/{rel}","templated":true}]}}